et v = -10 - p. Suppose 7*o - v*o = 60. What is the tens digit of o?
2
Let q be 1*1*(3 - 2). Suppose -f + 2*f - q = 0. Suppose r = 5 - f. What is the units digit of r?
4
Suppose 5*b = x + 1420, -x = 2*b + 4*x - 568. What is the hundreds digit of (-3 - (4 - 12))*b/10?
1
What is the hundreds digit of -5 + 9 + -4 + 344 + -2?
3
Let v = -119 - -221. Suppose -s = -r - 84 - v, -r - 2 = 0. What is the units digit of s?
4
Let r = 152 - 83. Suppose -5*c + 4*c = -47. Let m = r - c. What is the units digit of m?
2
Let b = -23 + 4. Let h = -6 - b. Let d(j) = j**2 - 14*j + 14. What is the units digit of d(h)?
1
Suppose -5*z = -4*z + 3. Let f(u) = -u**2 + 9. Let p be f(z). Suppose -213 = -3*o - p*o + 3*t, -4*o - 2*t = -266. What is the units digit of o?
8
Suppose 3*h = -5 + 17. Let r(p) = p**3 + 7*p**2 - 7*p. Let b(z) = -z**3 - 3*z**2 + 4*z. Let i(f) = -5*b(f) - 3*r(f). What is the units digit of i(h)?
6
Let l = 3 - -1. Let t = 176 + -173. Suppose -t*c = -5*g + 94, -9*g - 4*c = -l*g - 108. What is the units digit of g?
0
Let m be (-4 - -1)/((-9)/6). What is the units digit of m/(-7) + (489/21 - 0)?
3
Let m = 180 + 669. What is the hundreds digit of m?
8
Let r be (13 + -12)/(1/37). Let n = r - -38. What is the units digit of n?
5
Suppose 0 = g + 4*g - o - 15, 3*o = -3*g + 9. Let b(a) = -8*a**3 + 0 + 0*a - 4 - 2*a - g*a**2. What is the units digit of b(-2)?
2
Let a = 1445 - 805. Suppose f + 7*f - a = 0. What is the tens digit of f?
8
Let c be (-6)/(-3 - (-1 - 0)). Suppose c*g - 196 = n, 2*g - 6*g = -n - 261. What is the tens digit of g?
6
Suppose n = -0*c + 2*c + 9, -4*n = -5*c - 39. Suppose 20 - n = 3*w. What is the units digit of w?
3
What is the hundreds digit of 6/10*25/10*344?
5
What is the hundreds digit of 1 + -3 + -6 - -936?
9
Suppose 22 = j + 10*d - 5*d, 2*j + 12 = 4*d. What is the units digit of 140/8*(0 + j)?
5
Let t(o) = 3*o - 29. Let u be t(-14). Let n = -13 - u. What is the units digit of n?
8
Let n be (-4)/(4/2) + (59 - 1). Suppose -n = -3*o - 11. What is the units digit of o?
5
Let q(m) = -42*m - 11. Let p be q(-7). Suppose -8*j + p = -69. What is the tens digit of j?
4
Let d = -881 + 1830. What is the tens digit of d?
4
Let y be ((-99)/22)/((-3)/4). Suppose 2*u = u + y. Suppose 40 = u*g - 2*g. What is the tens digit of g?
1
Let l(x) = 5*x**3 + 9*x**2 - 9*x - 3. Let q be l(7). Suppose -6*z - q = -z. What is the units digit of (-12)/(-16) - z/8?
3
Let c(h) = h**2 - 8*h + 12. Let s be c(6). Suppose -3 = -3*k, -3*k = -s*o - o + 180. What is the units digit of o?
3
Let m(v) = 89*v + 54. What is the hundreds digit of m(9)?
8
Suppose 2*f = 4, 5*d + 2*f = 448 + 196. Suppose -r - 4*r + 3*v + 236 = 0, 3*r + 5*v - d = 0. What is the units digit of r?
6
Let y(v) = v - 1. Let l(m) = -3*m**2 + 3*m - 2. Let u(x) = -l(x) + 4*y(x). Let g be u(1). Suppose 55 = -j + g*j. What is the tens digit of j?
5
Suppose -3434 = -18*k + 34816. What is the tens digit of k?
2
Let h = 3063 + -1470. What is the thousands digit of h?
1
What is the tens digit of (74/(-6))/(1/(-33))?
0
Let h(s) = -s**2 + 12*s - 12. Let v be h(10). Let k be 1220/(-16) + 2/v. Let m = 138 + k. What is the tens digit of m?
6
Suppose -2*y + 3*n = -16, -5*y - 2*n = -n - 23. Suppose -4*r - 51 = -3*h, 0 = -h + y*r - 2*r + 22. What is the tens digit of h?
1
Let j be (-1)/3 - (-182)/6. Let b = j + -25. Suppose 1 = -s + b. What is the units digit of s?
4
Let r = -431 + 305. Let b be -4 + 2 - (0 + 71). Let i = b - r. What is the tens digit of i?
5
Let j be (4288/(-12))/(-8) - 2/3. Let l = j - 11. What is the tens digit of l?
3
Suppose -3*y = -2*b - 322, y + 2*b - 107 = 3*b. Let a = 2 + y. What is the units digit of a?
0
Let j(c) be the third derivative of -c**7/5040 + c**6/40 - c**5/60 + 5*c**2. Let n(t) be the third derivative of j(t). What is the tens digit of n(0)?
1
Suppose -r - q - 3*q = 101, 3*r = -4*q - 311. Let f = 63 + r. What is the tens digit of f/28 + 51/2?
2
Let c(w) = 173*w**2 - 116*w - 466. What is the hundreds digit of c(-4)?
7
Let k be (9 - -2 - 8) + 8782/(-2). What is the tens digit of 4 + 490/(-119) + k/(-17)?
5
Let u(a) = -3*a + 14. Let f(n) = -70*n + 336. Let h(d) = 2*f(d) - 49*u(d). What is the tens digit of h(4)?
1
Let n(r) be the first derivative of r**3/3 - 4*r**2 + 9*r - 10. What is the units digit of n(7)?
2
Suppose 0 = w - 3 - 0. Suppose -w*j = -7 - 41. What is the units digit of (j/16)/(2/62)?
1
Let x = -97 - -63. Let r = -34 - x. Suppose r = 5*q - 2 - 233. What is the units digit of q?
7
Suppose 34*c - 93637 - 41105 = 0. What is the tens digit of c?
6
Let t be 6*(-1 + (-10)/(-4)). Let b = -7 - t. What is the tens digit of (b/10)/(2/(-20))?
1
Suppose 6 = -2*w + 3*o, -w - 2*o + 11 = -0. Suppose 0 = -w*a + 3*g + 135, -6*g - 49 = -a - 9*g. What is the units digit of a?
6
Suppose 4*i - 3729 = -n, 4*n - 888 = -5*i + 3787. What is the tens digit of i?
3
Suppose 4948 + 3742 = 55*r. What is the hundreds digit of r?
1
Let a(z) = -z**2 - 4*z**2 + 5*z**3 - 4*z**3 + 2 - 8*z. Suppose 9 = i + 3*m - 4, -5*i - m = -37. What is the units digit of a(i)?
4
Let z be (-72)/((-3)/1) + 4. Let t = z - 31. What is the tens digit of -2*(t + (-27 - 4))?
6
Let y be -2*((2 - 2) + -14). Suppose -4*u + 20 = -y. Suppose -f = -u - 14. What is the units digit of f?
6
Suppose 3*d - 6316 = -2*d + y, 4*d + 4*y = 5072. What is the thousands digit of d?
1
Let z(j) = -j**2 + 23*j. Let n be z(23). Suppose 16 = 2*w + 3*k, n = -4*k + 8 - 0. What is the units digit of w?
5
Let a = 5394 + -2629. What is the tens digit of a?
6
Let t = 17 + -5. Suppose -28 = -4*r - 3*b - 3, -11 = -2*r - b. Suppose -r*f + 11 = 3*p - 0*f, 2*p + 5*f - t = 0. What is the units digit of p?
1
Let x be (-20)/8*(-3 + 1). Suppose 64 = -x*h + 6*h. What is the units digit of h?
4
Let n = -81 - -53. Let o = 16 - n. What is the units digit of o?
4
Let m = 136 - 90. Let d = m - 2. What is the tens digit of d?
4
Let f(v) be the third derivative of -2*v**4/3 + 25*v**3/3 - 31*v**2. What is the hundreds digit of f(-6)?
1
Suppose -3*a = -2*g - 2*g - 3418, 4*a + 3*g - 4599 = 0. What is the units digit of a?
6
Let i(w) = w**3 + 10*w**2 + 6*w - 17. Let s(q) = q**2 + 7*q + 4. Let k be s(-4). What is the tens digit of i(k)?
6
Let l = -1015 - -1435. What is the units digit of l?
0
Let k be -23*-2*(2 + -1). Let f = 213 - 206. Suppose 8*c - f*c - k = 0. What is the units digit of c?
6
Suppose 3*v - 6 = 0, -7 = -5*r - v + 5*v. Let i be 306/12*(-2)/r. Let a = 6 - i. What is the units digit of a?
3
Let f = 358 - 187. Suppose -j + 5*j + 5*w - 246 = 0, 0 = 3*j - 3*w - f. What is the tens digit of j?
5
Suppose -431 = -13*z + 12*z. What is the units digit of z?
1
Suppose -2315 - 1295 = -5*t. What is the hundreds digit of t?
7
Let p = 53 - -378. What is the units digit of p?
1
Let f = -496 - -883. Suppose -d + 0*i + 128 = 2*i, -f = -3*d - 3*i. What is the tens digit of d?
3
Let f = 20 - 48. Let l = -19 - f. Suppose -4*h + 97 - l = 0. What is the units digit of h?
2
Suppose 4*s = 6 - 2. Let n be (-1)/s - (-71 - 6). Suppose -2*d - 5*u = -n, 3*d + 49 = 4*d - 3*u. What is the tens digit of d?
4
Suppose 7078 = -12*i + 334. What is the tens digit of (-52)/(-78) - i/3?
8
Let k(t) = 4*t**3 - 17*t**2 + 13*t - 21. What is the thousands digit of k(9)?
1
Let q(k) = 0*k**2 - 10*k + 9*k + 11 + 2*k**2 + 6*k. What is the tens digit of q(-7)?
7
Let a(f) = -117*f**3 + 2*f + 1. Let n be a(-1). Let g(k) = -k**3 - k**2 + k + 64. Let y be g(0). Let z = n - y. What is the tens digit of z?
5
Let u be (-4 - -1 - -4) + -1. Suppose h + 0*h + 5 = u. What is the tens digit of (h/5)/(2/(-22))?
1
Let m(v) = -209*v + 79. What is the hundreds digit of m(-2)?
4
Let s be 5 + -1 - 4/2. Suppose 0 = s*g + 3*n - 6, 4*n = 4 + 4. Suppose g = m - 5, -2*b - b + 43 = -m. What is the tens digit of b?
1
Let z(x) = -72*x - 2. Suppose -s - 5*w - 2 = 0, 0*w + 10 = -5*s - 2*w. What is the units digit of z(s)?
2
Suppose 58672 = 25*c - 96828. What is the units digit of c?
0
Let k(h) = -h**2 - 12*h + 5. Let p be k(-11). Let v be (-12)/7*(-952)/p. Suppose s + 2*s = v. What is the tens digit of s?
3
What is the units digit of ((-63)/(-7) - 7)/(-4)*-3458?
9
Let z(t) = 12*t. Let n be z(1). Let p be (-5)/4 - (-3)/n. Let s = p + 18. What is the tens digit of s?
1
Let q be -10 - (-5)/((-5)/2). Let d = 56 + q. What is the tens digit